6/120 - i**5/10 + 3*i**4/8 + 2*i**3/3 - 3082*i**2. Determine n(-6).
-50
Suppose -13*w + 166 - 10 + 26 = 0. Let q(z) = 2*z + 17. Let l(i) = i + 18. Let u(k) = -3*l(k) + 2*q(k). Calculate u(w).
-6
Suppose -2*w - 30 = 4*v, v + v + 5*w = 5. Let o be (v/1)/(-4 + (0 - -2)). Let j(x) = -3 - 5*x + 4 - 8*x**2 - o + 3*x**2 - x**3. Give j(-3).
-7
Let q be ((-12)/5)/(78/(-520)). Suppose 22*h = q*h + 12. Let b(n) = n**2 + 8 - 11*n**h + 9*n + 11*n**2. Calculate b(-7).
-6
Suppose i + 2*h - 14 = 0, -2*i - i = -2*h + 14. Let w(b) be the first derivative of -1/4*b**4 + b**3 + i*b + b**2 + 44. Determine w(3).
6
Suppose -2*z - 4*t = -3*z + 18, 5*z - 4*t - 26 = 0. Let s(w) = -116*w - w**3 - w**z + 235*w - 116*w - 3. Calculate s(-3).
6
Suppose 0 = 454*r - 442*r + 192. Let s be (1 - 24/r)/((-1)/2). Let a(g) be the third derivative of g**5/60 + g**4/4 + g**3/6 + g**2. Give a(s).
-4
Let g(f) = 69*f + 52. Let p(q) = 25*q + 19. Let v(o) = -4*g(o) + 11*p(o). Let c = 5 + 5. Calculate v(c).
-9
Let h = 41 - 18. Suppose 2 = d - h. Suppose -16 + 5 = -2*y + u, -3*u = -4*y + d. Let j(k) = -4*k. Calculate j(y).
-16
Let p(f) = -f**2 + 3*f - 5. Let d(s) = 15*s**2 - 5*s - 51. Let u be d(-7). Let q = u - 716. Determine p(q).
-5
Let i(b) = b + 5. Let f be i(-3). Let q(m) be the second derivative of -7*m**3/3 + 3*m**2/2 + 7999*m. Calculate q(f).
-25
Let u(l) be the third derivative of l**6/120 - 7*l**5/60 - 7*l**4/12 + 31*l**3/2 + 2*l**2 - 3*l + 485. Give u(7).
-5
Let i(s) = s**3 + 5*s**2 + s - 7. Let k(a) = 12*a - 24. Let r be k(7). Suppose -65*c = -r*c + 20. Let w be i(c). Let j(x) = -x**3 + 5*x**2 - x. What is j(w)?
-5
Suppose -77 = 2*a + 9*a. Let l(r) = -r**3 - 5*r**2 + 5*r + 12. Let p be l(a). Suppose -9*f - 3 = -p. Let o(z) = z**2 - 6*z + 4. What is o(f)?
20
Let i(q) = -q**3 + 11*q**2 + 10*q + 17. Let b(v) = -2*v - 15. Let n be b(-6). Let k(g) = -g**3 - 2*g**2 + 5*g + 18. Let y be k(n). What is i(y)?
-7
Let u(f) be the first derivative of 12*f + 1/4*f**4 - 7/3*f**3 + 198 - 11/2*f**2. What is u(8)?
-12
Let h(i) be the third derivative of -i**5/60 + i**4/12 + i**3/2 - 9152*i**2. Let y(c) = -c - 2. Let q be y(-5). Determine h(q).
0
Let w(u) be the first derivative of u**4/4 + 4*u**3/3 + u**2 + u + 1. Suppose -k + 11 + 3 = -4*g, 3*g = 4*k - 82. Suppose k = -25*n - 28. Determine w(n).
5
Let x(l) = -2*l**3 + 18*l**2 + 61*l + 187. Let c(q) = q**3 - 8*q**2 - 29*q - 90. Let o(r) = 13*c(r) + 6*x(r). Determine o(-3).
-6
Let s(i) be the second derivative of 0 - 5/3*i**3 + 44*i + 0*i**2. Give s(-1).
10
Let s be 0/(-2) - (-2 - (0 + -1)). Suppose -7 = -5*m - 5*t + 48, -3*m + 3*t + 27 = 0. Let y(j) = s + 8*j + 8*j + m*j - 22*j. Determine y(1).
5
Let q(w) = -w**2 + 9*w - 16. Let r be q(4). Let t be (-525)/(-165) - r/22. Let k(m) = 0*m + 1 + 0 - 2*m. Give k(t).
-5
Let t(r) = -319*r - 508. Let o(s) = 56*s + 85. Let w(k) = -34*o(k) - 6*t(k). Calculate w(-16).
-2
Let r(x) = x**2 + 9*x + 3. Suppose 0 = 85*m - 4*m + 729. Give r(m).
3
Let l(j) = 5*j**2 + 21*j + 22. Let w be l(-1). Let d(i) = -i**3 + 5*i**2 + 7*i - 2. Give d(w).
4
Let u(s) = s - 7. Let r(j) = j**2 - 2*j. Let p be r(3). Suppose 2*x - 29 = 2*d - 7, -x + p*d + 15 = 0. Calculate u(x).
2
Let t(y) be the second derivative of 1/3*y**4 + 1/10*y**5 + 0 + 3/2*y**3 - 14*y - 1/120*y**6 - 4*y**2. Let s(d) be the first derivative of t(d). Calculate s(7).
16
Let z(y) = -1272 + 1273 - 58806*y + 58810*y. Let x(f) = f**3 - 7*f**2 + 7*f - 4. Let d be x(6). Calculate z(d).
9
Let q(j) = -j**2 - 4*j + 35. Suppose 245 = -35*o - 140. What is q(o)?
-42
Let q be (-10)/6*168/(-280). Let h(v) = 13*v**2 + v + 1. What is h(q)?
15
Suppose -12152 = -31*z - 12028. Let a(s) = -34*s + 6. What is a(z)?
-130
Let b(l) = -3*l - 7. Let j(c) = 4*c**2 + 85*c + 15. Suppose 3*u = 1 - 10, -u = -3*p - 60. Let g be j(p). Give b(g).
11
Let b(s) = 13 - 11*s**2 - 12*s**2 + 0*s + 13*s + 26*s**2 - 2*s**2. Determine b(-14).
27
Let x(k) be the second derivative of k**4/12 + 11*k**3/6 - 95*k**2 + 5*k - 1. Let r(j) be the first derivative of x(j). Give r(-5).
1
Let o(w) = w**3 + 3*w**2 - 3*w - 4. Let v = 52 - 124. Let x = v + 69. Determine o(x).
5
Let a(w) = -w**2 - 5*w - 2. Let k be -2 - -99*1*12/9. Suppose 9*g + k = -17*g. Calculate a(g).
-2
Suppose -5*h + 15 = -3*s, s + 2 = -4*h - 3. Suppose -1 = -4*i + 3*g, 4*g - 4 = i + 3*i. Let k(m) = 52*m - i - 53*m - 1. Calculate k(s).
0
Let h(q) = 21*q + 23. Let x be h(-1). Let r(g) = 17*g**2 - 5 + 18 - 12 - 12*g**x. Give r(-1).
6
Let j be (-8)/(-6)*(-6)/(-4). Let r(k) = j + 10*k + 0 + k**2 - 1. Let l be 10*-2*(-5)/(-40)*(4 + 0). Give r(l).
1
Let p(z) = -5*z - 14. Suppose -16*d = -12*d + 24. Let r(w) = -11*w - 29. Let y(o) = d*r(o) + 14*p(o). Give y(-7).
6
Let q(i) be the third derivative of -5/3*i**3 + 1/60*i**5 - 92*i**2 - 7/24*i**4 + 0*i + 0. Calculate q(8).
-2
Let u(i) = -31*i**3 - 22*i**3 + 2 + 13*i**2 - 22*i**3 + 10 - 9*i + 73*i**3. What is u(6)?
-6
Let o = 12 - 10. Let w(u) be the first derivative of 0*u + 2*u - 6 - o*u**2 + 8*u**2 - 3*u. Give w(1).
11
Let q(w) = -20*w - 1. Let z(o) = -11*o - 1. Let p = -203 + 192. Let c(i) = p*z(i) + 6*q(i). Determine c(7).
12
Let r(z) = -3*z**3 - z**2 + z - 9. Let n(v) = -v + 6 + 4*v - 4*v + 2*v**3 + 2*v**2 + 2. Let a = -240 + 236. Let b(u) = a*n(u) - 3*r(u). Determine b(5).
0
Let u(v) = v**3 + 10*v**2 + 9*v + 4. Let q(t) = 5*t**2 - 19*t + 1. Let l be q(6). Let w = -61 + l. Let r = -15 + w. Determine u(r).
4
Let r(d) = d**3 - 12*d**2 + 2*d + 27. Suppose 5*u - 69 = -3*b, 40*u - 45*u + b = -57. What is r(u)?
51
Let p(z) be the first derivative of -z**3/3 + z**2/2 + 130*z + 108. Give p(12).
-2
Suppose -41*u + 2 = -40*u. Suppose -4*w = -3*w + d - 2, -u*d = -3*w - 4. Let t(k) = -2*k + 3. What is t(w)?
3
Let j(r) = -2*r**2 - 17*r - 7. Let d be j(-8). Let c be 2/(-1 - -3 - d). Let x(g) = g**2 - g + g + g**c. Determine x(-1).
2
Let t(g) be the third derivative of g**4/12 - 11*g**3/3 - g**2. Suppose -m + 93 - 70 = 3*w, 0 = 2*w + 4*m - 2. What is t(w)?
-4
Let a(m) = m - 4. Let d(f) = -f**2 + 7*f + 255. Let x be d(20). What is a(x)?
-9
Let c = 75 + -74. Let z(i) = 5 - 5 + 20*i - 8*i + i**2 + c. Determine z(-12).
1
Let j be 1*((1 - -1) + -2). Let z(m) be the third derivative of -m**5/60 + m**4/24 - 4*m**3 + 9802*m**2. Calculate z(j).
-24
Let x(o) be the first derivative of -o**3 + 10*o**2 + 61*o + 108. Calculate x(9).
-2
Let m be ((-19)/38)/(1/(-8)*1). Let s be ((-2)/(-2))/(m/12). Let y(r) be the first derivative of -r**3/3 + 2*r**2 - r - 1. What is y(s)?
2
Let g(x) = -x**3 + 16*x**2 + 17*x - 4. Let u(b) = -2*b**3 + 27*b**2 + 30*b - 9. Let q(s) = -5*g(s) + 3*u(s). Determine q(-3).
14
Let c be (3 - 1) + -2*1. Let s(f) be the second derivative of 3*f + 0*f**4 - 19/2*f**2 + 55 + 1/6*f**3 - 1/20*f**5. Give s(c).
-19
Let g(d) = 4*d**3 - 26*d**2 + 8*d + 30. Let v be g(6). Let j(a) = a**2 - 11*a - 10. Give j(v).
-40
Let x(y) = 2*y**3 + 5*y**2 + 3*y. Let d(f) = f - 6. Suppose 18 = -4*w + 5*w. Suppose w - 24 = -2*r. Let n be d(r). What is x(n)?
-18
Let b(w) = 5*w**3 - 3*w**2 + 2. Let y(c) = c**3 + 23*c**2 + 40*c - 43. Let d be -21*(3/(-8) - 176/(-128)). Let u be y(d). Determine b(u).
-6
Let a(s) be the first derivative of -6*s**2 + 22*s - 1136. Determine a(2).
-2
Let g(n) = -19*n - 13. Let c(r) = 52*r + 37. Let f(b) = 4*c(b) + 11*g(b). Let p(d) = -d**3 - 8*d**2 + 8*d. Let m be p(-9). Calculate f(m).
-4
Let b(n) = 2*n**3 - 3*n**2 + 2. Suppose 13*a = q + 8*a + 23, 3*q + a = 11. Suppose q*u + 2 = 5*w, -2*w = 7*u - 11*u + 12. What is b(w)?
6
Let x(c) = -271*c - 4066. Let n be x(-15). Let d(p) = -p**2 + p. What is d(n)?
-2
Let v(w) be the second derivative of w**3 - w**2/2 + 988*w. Give v(-4).
-25
Let f = 277 + -276. Let s(d) = -d - 6. Let i(k) = -1. Let l(n) = f*s(n) - 3*i(n). Let b(p) = 3*p - 2. Let q be b(-2). Give l(q).
5
Let b(y) = y**2 - 8*y + 19. Suppose -104*u + 109*u - 35 = 0. Determine b(u).
12
Let w be (32/12)/((-152)/(-114)). Let f(d) = -d + 2. Determine f(w).
0
Let r be (1 + 95/(-2))*(-14 + 12). Suppose 95*s + 14 = r*s. Let a(k) = 2*k + 2. What is a(s)?
-12
Let y(m) = -2*m + 9. Let v(q) = 84*q - 372. Let w(f) = v(f) + 36*y(f). Determine w(10).
72
Suppose 0 = 295*b - 293*b - 2. Let l be 0/(b + 4 + -8). Let w(v) = v**2 - v - 3. Calculate w(l).
-3
Let q(t) = 46*t**2 - 321*t + 258. Let n be q(6). Let j(o) = -2 + 3*o - 